rime?
True
Is 1603134047 a composite number?
False
Is 3073849667 a composite number?
True
Is 4429605091 prime?
False
Is 23792711 a composite number?
True
Is 1125680527 composite?
True
Is 4295413043 a prime number?
False
Is 46272296999 prime?
True
Is 33876151499 prime?
True
Is 5640103721 prime?
False
Is 128322503 prime?
False
Is 906576981 a composite number?
True
Is 37947268063 a prime number?
False
Is 3601088669 a composite number?
False
Is 149011067 composite?
False
Is 17024158603 a prime number?
False
Is 23734569673 a prime number?
False
Is 3298338539 prime?
False
Is 14400137737 a prime number?
True
Is 493577842 prime?
False
Is 40506058843 a prime number?
False
Is 2636085833 a prime number?
True
Is 7110829589 a prime number?
True
Is 154928771947 composite?
False
Is 13647215503 composite?
True
Is 50188159717 composite?
False
Is 16787498029 a prime number?
True
Is 689702131 a prime number?
True
Is 6382593103 a composite number?
False
Is 29118544711 composite?
False
Is 77076985679 prime?
True
Is 7790606182 a prime number?
False
Is 37466044817 composite?
True
Is 4510552499 a prime number?
True
Is 415261387 a composite number?
False
Is 48588050983 composite?
True
Is 12410075911 a composite number?
False
Is 567243811 a prime number?
False
Is 1063107509 prime?
True
Is 69771267551 a prime number?
False
Is 18958835921 composite?
False
Is 278624261 composite?
True
Is 7841322389 prime?
True
Is 87330119363 composite?
False
Is 2115047903 prime?
True
Is 187492205861 composite?
False
Is 5896064159 prime?
False
Is 9127876031 a prime number?
True
Is 766381582 a composite number?
True
Is 5919899599 composite?
False
Is 10630171849 prime?
False
Is 14237935771 a prime number?
False
Is 1047311653 composite?
False
Is 177118537 composite?
False
Is 5036896199 a prime number?
True
Is 30625297057 prime?
True
Is 996189319 a composite number?
True
Is 2049476903 composite?
False
Is 3960609473 a composite number?
True
Is 624710819 a prime number?
True
Is 1652322211 a prime number?
True
Is 23525139499 a composite number?
True
Is 896455579 a prime number?
True
Is 4029369599 a composite number?
False
Is 11443136891 a composite number?
False
Is 3136175123 a prime number?
True
Is 35622166127 prime?
False
Is 578136623 a prime number?
True
Is 71397289459 a composite number?
False
Is 9700646531 prime?
False
Is 35930337571 a prime number?
True
Is 126433688503 a prime number?
True
Is 168226550693 a composite number?
True
Is 31201011623 composite?
True
Is 5109633343 prime?
True
Is 475760039 composite?
True
Is 2516751659 a prime number?
True
Is 11402339411 composite?
True
Is 1565753591 prime?
True
Is 1415390371 a composite number?
False
Is 105918079 composite?
False
Is 23643899429 prime?
True
Is 2750855633 a prime number?
False
Is 1098123401 prime?
True
Is 319285666151 prime?
False
Is 1594923031 a composite number?
True
Is 11464867147 a prime number?
True
Is 2582424907 a prime number?
False
Is 3497217931 prime?
True
Is 26856790777 a prime number?
True
Is 45283446973 prime?
True
Is 20781300109 a prime number?
True
Is 3750193129 prime?
False
Is 1287948719 prime?
True
Is 325879321 a composite number?
False
Is 3380537177 a prime number?
True
Is 614071891 composite?
True
Is 1724246549 composite?
False
Is 5214069493 a prime number?
False
Is 20420196749 prime?
True
Is 119418423 prime?
False
Is 1089322391 a prime number?
False
Is 328959671 a composite number?
False
Is 256679221 composite?
False
Is 4554927031 composite?
False
Is 30221207 prime?
True
Is 335544073 prime?
False
Is 27137207 prime?
True
Is 829956827 prime?
False
Is 19241835049 a composite number?
False
Is 666474307 a prime number?
False
Is 3629302187 composite?
True
Is 1105939181 composite?
True
Is 18852054917 a composite number?
False
Is 58650510251 a composite number?
False
Is 1366619869 a prime number?
True
Is 182603129 composite?
True
Is 35216678037 a composite number?
True
Is 4475474153 composite?
False
Is 44411957081 composite?
False
Is 2617905269 a prime number?
False
Is 65000173369 composite?
True
Is 131068175401 prime?
False
Is 1320771577 composite?
True
Is 57061464797 a prime number?
True
Is 368311513 a composite number?
True
Is 1527430213 a composite number?
True
Is 322114769 composite?
True
Is 4204265327 composite?
False
Is 290917693 a prime number?
False
Is 38586782809 a prime number?
False
Is 701467009 prime?
True
Is 1273801003 prime?
False
Is 71182210933 a composite number?
False
Is 94044926777 prime?
True
Is 23264296303 a prime number?
False
Is 49203184699 a composite number?
False
Is 3340704461 a composite number?
False
Is 757167821 composite?
False
Is 6985712899 a composite number?
True
Is 243330533 prime?
False
Is 17339286697 a prime number?
False
Is 2458519949 a composite number?
False
Is 1581500551 prime?
False
Is 1634404651 prime?
False
Is 35810403857 a composite number?
True
Is 321901129 composite?
True
Is 164819271035 composite?
True
Is 56993403211 a composite number?
True
Is 364304819 a prime number?
False
Is 4948961657 composite?
False
Is 8116761977 a composite number?
False
Is 16945909546 a prime number?
False
Is 28457263669 a composite number?
False
Is 4276153241 composite?
False
Is 14157398821 a prime number?
False
Is 386353969 a composite number?
False
Is 31669917329 a composite number?
False
Is 178347203 prime?
True
Is 2040935341 composite?
False
Is 756769609 a composite number?
False
Is 5003636789 a prime number?
False
Is 56455440091 a prime number?
False
Is 3404504713 a composite number?
False
Is 10858171301 prime?
True
Is 6594570439 prime?
False
Is 3770787091 a composite number?
False
Is 129872714929 a composite number?
True
Is 33272721137 a composite number?
True
Is 314884477 a prime number?
True
Is 28863330467 a prime number?
True
Is 50441 a composite number?
False
Is 1028038013 a prime number?
True
Is 3785727337 a composite number?
True
Is 48761620709 a composite number?
False
Is 33938203889 composite?
False
Is 16916287831 a composite number?
False
Is 12455266277 a composite number?
False
Is 196494324139 composite?
False
Is 365660885381 a composite number?
True
Is 1274840381 a prime number?
True
Is 25390195 composite?
True
Is 642314581 a composite number?
False
Is 21330557933 a prime number?
False
Is 68652675323 prime?
True
Is 1853503957 a composite number?
False
Is 2700795293 a prime number?
False
Is 975083633 prime?
True
Is 1019451673 a composite number?
False
Is 1366452121 composite?
False
Is 1894108889 prime?
True
Is 7002429953 composite?
False
Is 723188899 a composite number?
True
Is 5184392711 a prime number?
False
Is 179022406049 a prime number?
True
Is 19147990891 composite?
True
Is 8370303797 a composite number?
False
Is 12365350037 a composite number?
False
Is 1750044703 a prime number?
False
Is 10848968083 composite?
True
Is 16166010257 composite?
True
Is 424468883 prime?
True
Is 11542401537 composite?
True
Is 2310205823 a prime number?
True
Is 331490417 composite?
False
Is 3241163953 prime?
False
Is 40961720777 composite?
False
Is 492909721 a composite number?
False
Is 30363559823 a composite number?
False
Is 8171969831 prime?
True
Is 27003332303 a composite number?
False
Is 8909371901 composite?
False
Is 414116323 prime?
True
Is 29127208291 prime?
False
Is 25800243017 a prime number?
True
Is 24636327809 a composite number?
True
Is 172630463 composite?
False
Is 323655791 a composite number?
False
Is 38615927915 composite?
True
Is 59306575402 a prime number?
False
Is 7629090941 prime?
True
Is 1157201267 a composite number?
True
Is 187694829107 a prime number?
False
Is 6033048911 prime?
False
Is 1423412623 composite?
True
Is 494944396741 a prime number?
True
Is 473132189 a prime number?
False
Is 6317763113 prime?
False
Is 13446615373 a composite number?
True
Is 25958429389 a composite number?
False
Is 204429778673 a prime number?
False
Is 1666360517 a composite number?
False
Is 8800646957 prime?
False
Is 73259793679 a composite number?
False
Is 4848528551 a prime number?
True
Is 4539967111 prime?
True
Is 6787347361 a composite number?
True
Is 2341749289 a composite number?
True
Is 8760282373 composite?
False
Is 64641259047 composite?
True
Is 2888973071 a composite number?
True
Is 54379998623 a composite number?
True
Is 52816379821 a composite number?
False
Is 94708591 a composite